 13) in base 3?
111120210222001
Convert -80d73 (base 14) to base 4.
-1023223121
What is -750843 (base 10) in base 13?
-2039b2
Convert 31dbc8 (base 14) to base 8.
6344444
What is -574 (base 8) in base 3?
-112002
Convert -301332323333 (base 4) to base 7.
-216241502
Convert -84760 (base 9) to base 13.
-1c668
-11000110111111111100101 (base 2) to base 4
-120313333211
-52844 (base 12) to base 9
-174547
What is -18a1a (base 16) in base 8?
-305032
-100111101011011011011001 (base 2) to base 10
-10401497
Convert -3878590 (base 12) to base 15.
-e965ac
Convert -52552535 (base 6) to base 11.
-96129a
What is 47763 (base 10) in base 16?
ba93
4551122 (base 6) to base 12
b24a2
-330100113 (base 4) to base 15
-4d1dc
b9341 (base 16) to base 8
2711501
Convert -4895190 (base 10) to base 7.
-56415456
Convert be60 (base 16) to base 15.
e691
-4061732 (base 9) to base 4
-20100322313
1b368 (base 15) to base 12
4328b
14b9d (base 14) to base 6
1035143
475848 (base 9) to base 13
a0505
-6e4b34 (base 15) to base 7
-62613400
What is -30311022331 (base 4) in base 16?
-3352bd
Convert 11101010100101 (base 2) to base 7.
61525
What is 32033131 (base 4) in base 5?
3331313
Convert 101121122120 (base 3) to base 8.
630110
25721312 (base 8) to base 13
126120a
What is 5b4d43 (base 14) in base 2?
1011111011000000011111
-2e6ed0 (base 16) to base 13
-82710a
-240256 (base 12) to base 9
-1074833
313341451 (base 6) to base 10
5487655
Convert -1233450 (base 6) to base 2.
-10000010101100110
What is 8332b6 (base 14) in base 2?
10000111000101110000000
-14041140 (base 5) to base 6
-3023223
2344d (base 14) to base 8
247635
Convert -62200 (base 7) to base 8.
-35526
What is -8584258 (base 9) in base 14?
-87b384
What is -531db6 (base 14) in base 7?
-32611616
Convert -1100101000110001001101 (base 2) to base 7.
-40105032
-10000010100010111 (base 2) to base 3
-10101200112
Convert -284953 (base 14) to base 8.
-5246115
Convert -120211322201 (base 4) to base 12.
-21aa915
Convert 57683 (base 13) to base 16.
26e49
Convert 104102 (base 10) to base 4.
121122212
What is 864682 (base 9) in base 3?
222011202202
What is 705954 (base 11) in base 3?
2010200010222
Convert 1093408 (base 13) to base 12.
1856311
What is 39a25 (base 12) in base 2?
10011010101111101
100230332 (base 5) to base 15
7d297
What is 68420 (base 11) in base 6?
2042200
What is -4620534 (base 7) in base 3?
-1002021211020
Convert -c83b (base 15) to base 2.
-1010010101110100
10110000001111010101110 (base 2) to base 7
100041541
50706 (base 12) to base 9
168546
-201010101212220 (base 3) to base 12
-34a21a3
-1002210020210212 (base 3) to base 15
-15ca5eb
What is 667947 (base 12) in base 7?
16601452
What is -24035225 (base 6) in base 7?
-6250055
Convert 1261775 (base 10) to base 8.
4640317
-30232223 (base 4) to base 12
-2620b
What is d2e79 (base 15) in base 4?
2203013223
Convert 1383447 (base 9) to base 12.
309aba
What is 1021528 (base 9) in base 5?
114430343
What is -31242 (base 7) in base 13?
-3654
20212112111 (base 3) to base 7
1102222
-a661a2 (base 16) to base 3
-202111222102202
What is -21032310 (base 6) in base 12?
-255696
What is -73010 (base 13) in base 6?
-4232055
What is -1111003001 (base 4) in base 14?
-90d45
Convert 14251620 (base 8) to base 14.
602120
Convert -100101101110100010011 (base 2) to base 8.
-4556423
13730 (base 12) to base 13
c372
Convert 1952578 (base 11) to base 8.
14450451
Convert -17d192 (base 16) to base 10.
-1560978
What is -51c05 (base 13) in base 15?
-2d875
What is -11111010000010010110001 (base 2) in base 3?
-120102020221220
What is 18315076 (base 9) in base 10?
9221919
-c76419 (base 15) to base 9
-18761136
71a97a (base 12) to base 7
21066043
What is -246221 (base 9) in base 6?
-3105201
What is 40661 (base 9) in base 16?
68a1
Convert 284047 (base 10) to base 6.
10031011
Convert -2222141 (base 6) to base 9.
-180507
4a30c (base 13) to base 12
67165
1207917 (base 10) to base 7
13160424
-110212021222 (base 3) to base 15
-50038
What is 2133210 (base 4) in base 3?
112000020
What is -120210120 (base 4) in base 6?
-2053520
What is -40324140 (base 5) in base 4?
-1033001112
Convert -99181 (base 12) to base 11.
-129096
What is -12763542 (base 8) in base 10?
-2877282
1c1903 (base 14) to base 11
6258a6
-357b4 (base 12) to base 13
-269cb
Convert -16d5a5 (base 15) to base 7.
-12264065
What is -1000111100001110001011 (base 2) in base 14?
-450239
-4fc35 (base 16) to base 6
-11000313
What is -121110022221 (base 3) in base 4?
-1033011031
Convert -1c056 (base 13) to base 2.
-1101011011010100
262624 (base 8) to base 6
1543444
-53504345 (base 6) to base 12
-6420b5
Convert -17d0d1 (base 16) to base 12.
-633295
-1757301 (base 8) to base 3
-222012111212
-c85c6 (base 15) to base 16
-9b3a3
What is 20311041 (base 5) in base 10?
166396
What is -345434134 (base 6) in base 10?
-6427786
What is -824753 (base 13) in base 8?
-13454501
1047016 (base 9) to base 14
109163
What is 29b974c (base 13) in base 14?
1ab006a
Convert -143386a (base 11) to base 4.
-21121233111
What is 11002041 (base 5) in base 7?
541054
What is -350503 (base 6) in base 4?
-13110213
-41180 (base 12) to base 11
-58883
1193a12 (base 11) to base 14
3bc325
Convert -561504 (base 8) to base 5.
-22024002
-141336336 (base 7) to base 9
-18337053
Convert 112081b (base 13) to base 7.
62452236
What is 13421a5 (base 11) in base 7?
25454462
What is -354232 (base 7) in base 16?
-f9af
What is -640913 (base 10) in base 2?
-10011100011110010001
-1010010110100111111010 (base 2) to base 7
-32032563
Convert 9a74d3 (base 14) to base 10.
5244753
Convert 100110010001011001100100 (base 2) to base 13.
2103743
Convert -1624e (base 16) to base 3.
-11121102100
167261 (base 10) to base 2
101000110101011101
What is -575555 (base 15) in base 2?
-1111111001111001110010
-154361532 (base 7) to base 4
-213233211312
2015063 (base 7) to base 12
b66ab
Convert -2678623 (base 10) to base 8.
-12157537
-715031 (base 9) to base 6
-13025001
Convert -756a09 (base 11) to base 13.
-334850
Convert -1674f (base 16) to base 7.
-532113
-4ac79a (base 16) to base 8
-22543632
Convert 4a37b (base 15) to base 11.
152102
What is -157153 (base 8) in base 2?
-1101111001101011
Convert 12444030 (base 5) to base 15.
27010
530404 (base 8) to base 2
101011000100000100
11455242 (base 6) to base 10
365354
What is -23a144 (base 13) in base 10?
-850464
Convert 7110523 (base 8) to base 10.
1872211
Convert -60c (base 13) to base 8.
-2002
What is 14323343 (base 5) in base 11?
a3aa0
What is -1020d (base 14) in base 11?
-27192
7c80b (base 13) to base 16
37946
Convert -80079 (base 11) to base 9.
-187707
7b8022 (base 12) to base 11
1135488
15610 (base 12) to base 9
45443
Convert -411099 (base 10) to base 14.
-a9b63
Convert 1000022221022221 (base 3) to base 6.
1235152341
What is 12bab (base 14) in base 5?
2434321
-11100110101110100 (base 2) to base 13
-41a01
Convert -67268 (base 12) to base 8.
-413260
-417573 (base 12) to base 9
-1837426
110210200000111 (base 3) to base 16
67d13a
Convert -13222331131 (base 4) to base 9.
-3704474
Convert 1515042 (base 6) to base 14.
24094
What is 55243515 (base 6) in base 2?
110010011111100000111
What is -22012121110202 (base 3) in base 12?
-156433b
What is -10ab4a (base 13) in base 4?
-1200132300
What is 131112213 (base 4) in base 8?
352647
What is 14b847 (base 14) in base 12?
2aa6b3
What is 1013221231 (base 4) in base 6?
10142421
What is -1d54766 (base 14) in base 15?
-145d2cb
What is 3021355 (base 7) in base 4?
1113132013
Convert 2010222202220 (base 3) to base 8.
4265311
166ab8a (base 13) to base 16
6e9fd4
-3b166 (base 16) to base 4
-323011212
Convert 6397 (base 10) to base 2.
1100011111101
What is -3302603 (base 7) in base 13?
-11207c
What is 36173 (base 11) in base 6?
1041130
-442304 (base 6) to base 2
-1000111111100000
Convert -1d7965 (base 15) to base 8.
-5402655
What is 232111223 (base 4) in base 13?
68513
What is -72380 (base 10) in base 2?
-10001101010111100
102413401 (base 5) to base 7
3462416
20220111120 (base 3) to base 2
100001001100011000
Convert 201021201202210 (base 3) to base 15.
d76d9c
What is -3337222 (base 8) in base 16?
-dbe92
Convert 20200101222 (base 3) to base 2.
100000000110111100
Convert -2113102041 (base 5) to base 12.
-1594b07
Convert 322522020 (base 6) to base 16.
577e3c
What is -324270 (base 9) 